2*t + x + 71 = 4*t, -o = -t - 3*x. What is the tens digit of t?
3
Suppose i = -4*u + 39, 2*u = -3*u + 5*i + 55. Let o = u - 12. Let j = o + 7. What is the units digit of j?
5
Let s = 64 + -264. Let c = s + 290. Suppose -10 = -5*y + c. What is the tens digit of y?
2
Suppose -2*b - 3*p + 35 + 44 = 0, 3*b - 3*p = 141. Suppose 6*i + b = 4*i. What is the tens digit of (i/(-2) - -4) + -2?
1
Let y(a) = a**3 + a**2 - a - 1. Let s(l) = -2*l**3 + 6*l**2 - 9*l - 4. Let o(z) = -s(z) + 4*y(z). What is the tens digit of o(3)?
5
Let o = 16 - 7. Let n be -5*(o/15 + -1). What is the units digit of (-23)/(-2)*(0 + n)?
3
Let x(l) = -l**3 + 28*l**2 + 14. Let z be x(28). What is the hundreds digit of 5/(-5*7) + 2830/z?
2
Let s be (50*(-6)/4)/(-2 + 1). Suppose 5*o + s = 5*h - 0*o, -2*h = -o - 35. What is the units digit of h?
0
Suppose -2*q = -0*q - 28. Let t(n) = -n**3 - 4*n**2 + 2*n + 5. Let c be t(-5). Let w = c - q. What is the units digit of w?
6
Let m be 4 + (-1 - 3) + 10 - 0. Suppose -4 = -x + m. What is the units digit of x?
4
Let q(g) = g**3 + 10*g**2 + 11*g + 5. Let p be q(-7). Let o = 186 - p. Suppose -4*u + o = 23. What is the tens digit of u?
2
What is the tens digit of ((-52)/8)/((2 - 5)/2850)?
7
What is the units digit of 2902 + (8 - 18/2)?
1
Suppose 0 = -5*q + 5, j = -4*j + 4*q - 169. Let k = j + 60. Suppose k = 5*i - 53. What is the tens digit of i?
1
Let j(y) = -y**3 - 12*y**2 + 4*y + 17. Let a be j(-12). Let k = -29 - a. Suppose 10 = -2*t, -2*o + k*t + 72 = -o. What is the units digit of o?
2
Let n(m) = m**2 - 2*m - 3. Let k be n(5). Suppose 4*g + 0 - k = 2*s, 2*g + 2*s - 6 = 0. Suppose -2 = -g*o + 7. What is the units digit of o?
3
Let x(f) = -f**3 - 5*f**2 + 4*f - 6. Let t be x(-6). Suppose 0 = 3*b + c - 1, t*c = 3*b + 2*c - 11. Let u = b + 1. What is the units digit of u?
2
Let k(g) = -5*g + 25. What is the units digit of k(0)?
5
Suppose -270 = -u - 8*u. Let j = u - -116. What is the tens digit of j?
4
Let p(x) = 6*x**2 + 74*x + 31. What is the thousands digit of p(-33)?
4
Suppose -3*y - 5*h + 2216 = 0, 0 = -5*y + h - 1580 + 5236. What is the units digit of y?
2
What is the tens digit of (-2)/3 - (680/(-3) + -3)?
2
Let y(f) = -4*f**3 - 2*f**2 + 2*f - 1. Let o be y(1). Let u be 2/o + (-1720)/(-50). Suppose 0*w + u = 2*w. What is the units digit of w?
7
Suppose 5*u - 4*u - 1995 = -3*n, 4*u = 12. What is the tens digit of n?
6
Suppose 650 = 6*l - 808. Suppose -3*h + 2*j = -268, -h - 2*h = 3*j - l. What is the tens digit of h?
8
Suppose 2*n + 3*n = 0. Let i be (-2)/(-3)*9/6. What is the tens digit of 22 - (i + n - 0)?
2
What is the hundreds digit of (269/8 - 34/272)*134?
4
Let n(t) = -39*t**3 - 2*t**2 + 6*t. What is the units digit of n(-3)?
7
Suppose -4543 = -4*q + 1401. What is the tens digit of q?
8
Let q = -2606 - -4823. What is the tens digit of q?
1
Let k(c) = 20*c - 1. Let r = 134 - 122. What is the tens digit of k(r)?
3
Suppose 4*q - 9 = -5. What is the tens digit of 2/(q + (-61)/63)?
6
Suppose -36 = -3*s - 0. Let d(z) = -s + 0*z + 4 + 5 - 2*z**2 + z + z**3. What is the units digit of d(3)?
9
Let w(k) be the first derivative of k**3/3 + 5*k**2/2 - 9*k + 1. Let q = 477 - 485. What is the units digit of w(q)?
5
Let t(d) = -34*d + 0 - 4*d**3 + 22 - 26*d**2 + 3*d**3. What is the units digit of t(-25)?
7
Suppose -22*o - 240 = -16*o. Let w = o - -103. What is the tens digit of w?
6
Suppose 3*c = -0*c + 30. Suppose -t = -w + 1, 0*t + c = 2*t. What is the units digit of (-1573)/(-77) + w/(-14)?
0
Let j(p) = p + 7. Let r be j(-8). What is the units digit of r/1 + (1/1 - -57)?
7
Suppose 14 = 6*b - 16. Suppose 3*i + b*p = 208, 2*i + 0*i - 138 = -3*p. What is the units digit of i?
6
Suppose -y - 4 + 1 = 0, -5*i = 2*y - 1394. Suppose i = p + p - r, r + 139 = p. What is the units digit of p?
1
Let m be (-7)/21 - (-782)/6. Let c = m + -88. What is the tens digit of c?
4
Suppose -o + 1 + 1 = -x, -18 = -4*o - x. Let k(m) = 4*m**2 - 6*m + 22. What is the tens digit of k(o)?
6
Let b be 6/(((-6)/(-20))/(204/30)). Let i = -128 + b. What is the units digit of i?
8
Let f(x) = 0*x + x**2 - 2 + 3 - 2*x - 56*x**3 + 5*x. What is the units digit of f(-1)?
5
Let j = -7 - -12. Let a = 0 + j. What is the units digit of (-5)/(a/3) - -26?
3
Suppose -j - 5*o = 5, -3*j + 3*o + 36 + 3 = 0. Let a be ((-16)/j)/((-1)/320). Suppose a = -4*r + 12*r. What is the units digit of r?
4
What is the tens digit of 4/(-6) - -4575*(-2)/(-9)?
1
Suppose 2964 = 389*j - 383*j. What is the units digit of j?
4
Let t(u) = u**2 - 5*u + 3. Suppose p - 3*v = 17, -p - v + 1 = -0*v. Let a be t(p). What is the tens digit of 17/(-2 + a + 0)?
1
Let i = -10 + 12. Suppose -i*j + n + 17 = -34, -5*j + 160 = 4*n. Suppose 6*o - 2*o - j = 0. What is the units digit of o?
7
Let b(m) = -13*m - 9. Let i be b(2). Let d = i - -231. What is the hundreds digit of d?
1
Suppose -717 = -4*y - m + 486, -3*y + 886 = 4*m. What is the hundreds digit of y?
3
Let f = -1005 - -2205. What is the hundreds digit of f?
2
Let u be (90/(-21))/(18/(-84)). What is the tens digit of (-14)/4*u*-1?
7
Suppose 6 - 3 = 3*t, 7792 = 5*y - 3*t. What is the units digit of y?
9
Suppose -n + 948 = -4*c, n - 1046 + 100 = 5*c. What is the tens digit of n?
5
Let u = 8032 + -4556. What is the thousands digit of u?
3
Suppose p = -2*n - 7, 2*p - 5*n - 26 = -n. Let h = 4 + 0. Suppose u + p*l - 12 = h*l, -5*l = 5*u - 50. What is the units digit of u?
1
Suppose f - 3*s - 178 = 0, s - 311 - 193 = -3*f. Suppose 0 = 3*x - f + 16. What is the units digit of x?
1
Let d be 5/(15/(-153))*(-3 + 1). Let m = d + -53. What is the tens digit of m?
4
What is the units digit of (-126)/28*2/5*-195?
1
What is the tens digit of 2298/8*-2*(-128)/48?
3
Let z(j) = -j**3 + 27*j**2 - 21*j - 44. What is the tens digit of z(26)?
8
Suppose -5*j - 72 = 7*j. What is the units digit of (1/3)/(j/54) + 112?
9
Let a(m) = 31*m**3 - 5*m**2 + 4*m - 4. Let z be a(3). Suppose -190 - z = -11*l. What is the tens digit of l?
9
Suppose -t - 39 = -3*p, 4*t + 109 = t + p. What is the tens digit of 8/t + 4126/36*2?
2
Let d(t) = -t**3 - 4*t**2 + 4*t - 3. Let p be d(-5). What is the hundreds digit of (111 - p)/(3 - 2)?
1
Suppose -2*t = -4*p + 2234, -11*t - 15 = -8*t. What is the tens digit of p?
5
What is the tens digit of ((-30)/(-4))/(69/4876)?
3
Let q be (1 - 0)/(5/445). Let f = q - 41. Suppose -2*v - r - f = -129, 2*v + 2*r = 86. What is the tens digit of v?
3
Let k be -2 + (2 + -8)*(-2)/6. What is the tens digit of 129 + (-7 - (-4 + k))?
2
Suppose 621 - 86 = -5*c. Let u = 156 + c. What is the tens digit of u?
4
Let i be 8/(-16) + (-9)/(-2). Suppose -i*r + 12 = 2*r. Suppose -3*g = r*h - 117, 4*g - 224 = -h - 3*h. What is the units digit of h?
1
Let b(s) be the first derivative of -s**3/3 - 5*s**2 + 10*s + 9. What is the units digit of b(-8)?
6
What is the tens digit of (442/(-4))/((-7)/14) - 4?
1
Let f(a) = 17*a + 27. Let c be f(-7). What is the tens digit of (c/(-6))/((-8)/(-36))?
6
Let g = -1337 + 2620. What is the units digit of g?
3
Suppose 3*s = -4 + 10. Suppose 0 = 4*f - 9 - 7. Suppose -3*j = -f*m - 34 + s, 4*j + 2*m = 28. What is the units digit of j?
8
Let n(j) = 345*j**2 - j - 42. What is the hundreds digit of n(3)?
0
Suppose -v + 5*r = -15, 3*r - 4*r = 5*v - 23. Suppose -2*o + 5*o - 145 = 5*w, 155 = 3*o + v*w. What is the units digit of o?
0
Let f(p) = 4*p**3 - 12*p**2 + 15*p - 8. What is the units digit of f(7)?
1
Suppose -1 = d, -4*o + 4 = 4*d - 0. Suppose -622 = -o*p + 2*z - 4*z, 2*z + 4 = 0. What is the units digit of p?
3
Suppose -8*v - 3*v = -88. Suppose -17 = -v*w + 7. What is the units digit of w?
3
Let h(i) = 6*i + 11. Let d(u) = 13*u + 23. Let b(s) = 2*d(s) - 5*h(s). Let r be b(-5). Suppose -40 = -r*k + 6*k. What is the units digit of k?
8
Suppose -2*t + 330 = 17*a - 12*a, -5*a = -3*t + 545. What is the units digit of t?
5
Let v(w) be the third derivative of -29*w**6/120 + w**5/60 + w**2. Let c be v(-1). Suppose 10 = 4*y - c. What is the units digit of y?
0
Suppose 0*f + 14 = f - 5*j, 0 = f + 2*j. Suppose 0 = 2*i - 4*i + f. Suppose i*p = -2*p - 2*l + 66, 3*p = 2*l + 32. What is the units digit of p?
4
Let m be 14/8*(36 + 4). Let r = m - -29. What is the tens digit of r?
9
Let k = 17 + -15. Suppose 173 + 29 = k*b. What is the tens digit of (-6)/27 - b/(-9)?
1
Let f(j) be t